 are the prime factors of m?
2, 7, 521
Suppose 0 = -3*y - 0*y - 42. Let c(t) be the second derivative of t**4/12 + 5*t**3/6 - 23*t**2/2 - 230*t. List the prime factors of c(y).
103
Suppose -2*d = -3 - 5. Suppose d*h = 5*h - 43. Let m = 78 - h. List the prime factors of m.
5, 7
Let v(y) = -11*y + 7606. What are the prime factors of v(0)?
2, 3803
Let i(r) = 5*r**2 - 540*r - 5496. List the prime factors of i(-10).
2, 101
What are the prime factors of (-943139281)/(-21931) - 2*(-1)/13?
3, 5, 47, 61
Let p(x) = 7*x**3 + 3*x**2 - 2*x**3 + 1 - 4*x**3 - 8 - 5*x. Let a be p(-4). List the prime factors of ((-1)/((-9)/243))/(a/(-32)).
2, 3
Suppose 2*o - 37 = -3*n, -3*n - 4*o = -o - 42. Suppose -n*t + 23*t = 1848. List the prime factors of t.
2, 3, 11
Let p = 590 + 43. Suppose 3*o - p = -108. What are the prime factors of o?
5, 7
Let h = 31 + -28. Let v = 4 - h. What are the prime factors of (-55)/(6/(-12) + v/(-2))?
5, 11
Let i(w) be the second derivative of -11*w**2 + 0 - 1/12*w**4 - 7*w + 7/2*w**3. List the prime factors of i(14).
2, 19
Let u be 6/(-36) - (2 - 50/12). Suppose u*p + 2*p = 16. Suppose p*d - 72 + 8 = 0. What are the prime factors of d?
2
Suppose 0 = 5*v - 23536 + 8756. Suppose v = 7*o - 257. What are the prime factors of o?
3, 17
Let u be -40*(6/8)/((-9)/6). Suppose -24*g + 224 = -u*g. Suppose -4*j - 30 = -a, -4*j + g = 3*a + j. What are the prime factors of a?
2, 11
Let a = -184 - -493. Suppose -316*k + 2324 = -a*k. What are the prime factors of k?
2, 83
Let l(r) = -r**2 + 6*r - 27. Let m be l(5). Suppose -356 = -0*u + 4*u. Let o = m - u. What are the prime factors of o?
67
Suppose 2*n + 0 = 4. Suppose -4*r + z + 219 = 0, -3 = -5*z + n. What are the prime factors of r?
5, 11
Let z(r) = -9*r**3 + 13*r**2 + 29*r - 36. List the prime factors of z(-14).
2, 3, 1489
Let l = 32 - 42. Let r be 25*(-4 - 52/l). What are the prime factors of ((-10)/r)/((-1)/219)?
73
Let w = -26799 - -45125. What are the prime factors of w?
2, 7, 11, 17
Let d be 191*(2 + 2)/4. Let m = d - 306. Let v = 186 + m. What are the prime factors of v?
71
Let l(d) = -31*d - 44. Let q be l(-13). Suppose 0 = -q*b + 354*b + 2300. What are the prime factors of b?
2, 5, 23
Let a be 6/4*32/6. Let q(d) be the second derivative of -d**5/20 + 11*d**4/12 + 5*d**3/3 + d**2/2 - 9*d - 378. List the prime factors of q(a).
3, 7, 13
Let a(y) = y + 12. Let q be a(-8). Let z(u) = -u**3 + u**2 + 3. Let g be z(0). Suppose f = -q*b + 72, g*f - 2*b - 181 - 77 = 0. List the prime factors of f.
2, 3, 7
Let g = 63 + -63. Let r = g + 0. What are the prime factors of ((1 + r)*-284)/(-2)?
2, 71
Let j(q) = q**2 + 5*q - 22. Let d be j(-5). Let h = d + 10. What are the prime factors of (207/12)/((-9)/h)?
23
Let c = -23 - -23. Let u be (-105)/((-6)/8 - c). Suppose -u = -3*q + 4. List the prime factors of q.
2, 3
Let n be 22*45/330 + (-5*1 - 0). Let t = 5 - 2. What are the prime factors of t - n/(8/1220)?
2, 7, 11
Let j = -260 + 444. Let y(w) = 11*w**2 - 4*w + 4. Let r be y(5). Suppose 5*g - j = 5*x + 131, -4*g = 3*x - r. List the prime factors of g.
2
Suppose 5*r - 63 = -2*j, 5*r = j - 18 - 36. Suppose 10*q - j = 7*q. Let v = 102 - q. What are the prime factors of v?
89
Suppose -u + o - 4*o = -13, -3*o = -3. Suppose -u*z - 155 = -575. What are the prime factors of z?
2, 3, 7
Let v(c) = 36*c**2 - 5 - 72*c**2 + 29*c + 35*c**2. What are the prime factors of v(24)?
5, 23
Let h = 301 + -297. Suppose h*s + 99 + 1266 = 5*q, 0 = -q - s + 282. List the prime factors of q.
277
Let r be (-12)/(-3 + (-695)/(-231)). Let n be (-2)/(-7) + (r/49)/(-6). Suppose -m = -n*z - 0*m + 1068, -3*m + 1076 = 5*z. List the prime factors of z.
2, 107
Suppose -10*m + 37 = -9*m. Let f(o) = 8*o + 5. Let s be f(-5). Let r = s + m. What are the prime factors of r?
2
What are the prime factors of 2/((-12)/(-30)) - -800?
5, 7, 23
Suppose 0 = 21*u - 629541 + 29865. List the prime factors of u.
2, 11, 59
Let r(v) = v**3 - 10*v**2 - 7*v - 36. Let n be r(15). Suppose y + 27 - 510 = -2*a, 4*a = 4*y + n. What are the prime factors of a?
3
Let g(x) = -x**3 + 13*x**2 - 8*x - 14. Let k be g(12). Suppose -5*w = k - 54. List the prime factors of 48*4*1/w.
2, 3
Let t = 731 + -1292. Let f = 1558 + t. List the prime factors of f.
997
Let f(y) be the second derivative of 5*y**4/12 - 10*y**3/3 - 29*y**2/2 - 119*y. List the prime factors of f(13).
2, 139
Let r = -4491 + 7865. Suppose 10*p + r = 17*p. What are the prime factors of p?
2, 241
Let t = 33192 + 7178. What are the prime factors of t?
2, 5, 11, 367
Suppose -11*u = -8653 - 1544. What are the prime factors of u?
3, 103
Let l = -1862 + 3436. Let x = -890 + l. What are the prime factors of x?
2, 3, 19
Let t = -11806 - -23099. List the prime factors of t.
23, 491
Let b(r) = r**2 - 55*r + 418. List the prime factors of b(69).
2, 173
Let v = 102 + -97. Let h(t) = -v*t + 10 + 0*t**2 + 9*t + t**2 - 5*t. What are the prime factors of h(-5)?
2, 5
Let i = -10884 + 14322. What are the prime factors of i?
2, 3, 191
Let v = -7865 - -11701. List the prime factors of v.
2, 7, 137
Suppose 0 = -22*o + 14*o + 40. What are the prime factors of o - 9 - (-1 + (0 - 585))?
2, 3, 97
Suppose p + 3*f + 15 = -10, 3*f = 3*p + 123. Let t be (23 + -1)*2/(2 - 0). Let q = t - p. What are the prime factors of q?
59
Let t(k) = -16*k + 52. Let w = 104 + -106. Let x be (-2 - w) + (-2 - 8). What are the prime factors of t(x)?
2, 53
Let s = 0 + 3. Let q(i) = -2*i**2 + 4*i + 10 - 7*i + 10 + s*i**2. List the prime factors of q(9).
2, 37
What are the prime factors of ((-408)/(-48))/17*147410?
5, 14741
Let y = 46077 + -24808. What are the prime factors of y?
21269
Let z be (-222)/4*30/(-5). Suppose -z = n - 828. What are the prime factors of n?
3, 5, 11
Let j(s) = 2*s**2 - 4*s - 5. Let n be j(5). Suppose n = 10*x - 5*x. Suppose -1793 = -x*g - 6*g. List the prime factors of g.
163
Suppose 8*t + 8*t - 3434 = -1434. What are the prime factors of t?
5
Suppose 4*x = -630*t + 628*t + 47166, 3*t - 70761 = -3*x. What are the prime factors of t?
31, 761
What are the prime factors of 62946/(-36)*(18 + -20)?
13, 269
Let o = 169 + -83. Let w = 328 + o. List the prime factors of w.
2, 3, 23
Let g = 10695 + -5820. What are the prime factors of g?
3, 5, 13
Suppose -3*c = -3*v - 4*c - 31, 5*c - 25 = 0. Suppose -3*o + 205 + 5 = -2*x, -281 = 3*x + 4*o. What are the prime factors of 224/21*x/v?
2, 11
Suppose 0 = -9*g + 4*g + 248925. Suppose 32*a + 4793 - g = 0. What are the prime factors of a?
2, 19, 37
List the prime factors of (5640/140)/(((-2)/(-6))/(2989/21)).
2, 3, 47, 61
Let v = 142379 - 81266. What are the prime factors of v?
3, 13, 1567
Let z = 53 - 49. Suppose 4*d + 368 = -4*t, 11 = z*d - 9. Let x = t - -189. What are the prime factors of x?
2, 23
Suppose 2*v + 4*y + 1663 - 7101 = 0, -4*v + 10885 = -y. List the prime factors of v.
3, 907
Let a = 958 - 259. Let y = 1003 + a. What are the prime factors of y?
2, 23, 37
Let z = 0 - 0. Suppose z = -20*u + 13*u + 357. Suppose -5*y = -u - 399. List the prime factors of y.
2, 3, 5
Suppose 3*q - 302*s - 134137 = -306*s, 4*q = -2*s + 178836. What are the prime factors of q?
13, 19, 181
Let s(i) = -i**3 - 14*i**2 - 5*i - 10. Let c be s(-14). Let k be 1164/10 - 12/(-20). List the prime factors of (k/2)/(3*5/c).
2, 3, 13
Suppose 90113 = -141*r + 300767. List the prime factors of r.
2, 3, 83
Let r = -134 - -8. Let g = r + 193. What are the prime factors of 3 + -5 + g + (-2)/2?
2
Suppose 4*j = 5*z + 11092, 0*j + j - 7*z - 2773 = 0. List the prime factors of j.
47, 59
Let c = -253 + 266. Suppose c*m = 7*m + 5436. List the prime factors of m.
2, 3, 151
Suppose 4*f - 8016 = -z + 8*f, 3*f - 64163 = -8*z. What are the prime factors of z?
2, 5, 401
Suppose -18*j + 24*j + 4812 - 45906 = 0. What are the prime factors of j?
3, 761
Let x = 5770 + -11. List the prime factors of x.
13, 443
Let z(r) be the first derivative of -4*r**2 - 3*r + 38. Let o be z(-4). Suppose -t - 3*d = -o, 2*d - 4*d - 4 = -t. List the prime factors of t.
2, 7
Suppose 22*m - 18*m - 51590 + 9250 = 0. What are the prime factors of m?
5, 29, 73
Let g(x) = 33*x**2 - 2*x. Suppose 2*n - 2*s = -3*s - 6, 3*n + 3*s = -9. What are the prime factors of g(n)?
3, 101
Let w = 52 - 130. Let l = 15 - w. Let o = l + -39. List the prime factors of o.
2, 3
Let i(d) = 2